 6. Let v be u(-5). Let r be 504/(-20)*(-10)/3. Calculate the greatest common divisor of v and r.
28
Let m be ((-116)/(-16) - 2)*-4. Let u be 169 + 7/(m/(-6)). Suppose -u - 89 = -5*i. What is the highest common divisor of i and 26?
26
Let j = 846 + -629. Calculate the greatest common factor of 93 and j.
31
Let u be 1/2 - (-14)/4. Let t be (2 - -3)/(1/u). Let d = -272 - -412. Calculate the highest common divisor of d and t.
20
Let h(a) = -3*a + 57. Let d be h(17). What is the highest common factor of 96 and d?
6
Let v be (6 - 2 - 2)*294/6. Suppose -h = 1, -3*l - 4*h + 4 = l. Suppose 14 = l*o - o. Calculate the highest common divisor of o and v.
14
Let z(c) = -3*c + 57. Let w be z(0). Let v = -24 - -43. What is the greatest common divisor of v and w?
19
Suppose 21*y = 10873 + 593. Calculate the highest common divisor of y and 126.
42
Let q(g) = g + 8. Let j be q(-6). Suppose j*x = 4*x - 180. Calculate the greatest common factor of 15 and x.
15
Let s(h) = -h**3 + 6*h**2 - 4*h + 1. Let m be s(4). Let a(w) = -5*w - 17. Let j be a(-7). Suppose j*v - 85 = 17*v. What is the highest common factor of v and m?
17
Suppose 944 = 5*x - 246. Calculate the highest common divisor of x and 42.
14
Let u be -4 + 6 - (2 + -16). Let w = u - -23. Let f = w - 7. Calculate the greatest common divisor of f and 48.
16
Let o be -13 - (-6 + (-69 - -20)). Suppose i - 123 = 3. Calculate the highest common factor of i and o.
42
Let c(f) = 39 - 3*f - 41 + 3*f**2 + 2*f. Let y be c(-2). What is the highest common factor of y and 96?
12
Let k = 118 - 41. Suppose -r + 9 = f, 4*f = f - 5*r + 23. What is the highest common factor of f and k?
11
Let i = 1227 + -1224. Calculate the highest common factor of i and 396.
3
Let u(j) = -j**2 - 8*j + 5. Let w be u(-8). Suppose y - 2*k = 3*k + w, -y + 5 = 4*k. What is the greatest common factor of 2 and y?
1
Let p be (27 + -30)*(-1)/1. What is the greatest common factor of p and 12?
3
Suppose 6*s - 924 = -15*s. What is the highest common factor of s and 6?
2
Let i(l) = -37*l + 7. Let k(w) = -18*w + 4. Let h(f) = 4*i(f) - 9*k(f). Let v be h(4). What is the greatest common factor of v and 48?
48
Suppose -1341*t = -1337*t - 252. Calculate the greatest common divisor of 54 and t.
9
Let k = -22 - -59. Suppose -10*l + 93 + k = 0. What is the greatest common divisor of 91 and l?
13
Suppose -6*v - 34 = 44. Let f(n) = -n**3 - 12*n**2 + 10*n - 16. Let l be f(v). Let b = 14 + 9. What is the highest common factor of l and b?
23
Suppose 0 = -a + 3 - 0. Let k(b) = b**3 + 27. Let t be k(0). Let i be (t - a)*(-3 - -4). What is the greatest common divisor of 216 and i?
24
Let s(y) = -7*y**2 + 40*y - 64. Let i(a) = -20*a**2 + 119*a - 191. Let c(n) = 6*i(n) - 17*s(n). Let v be c(24). What is the greatest common factor of 26 and v?
26
Let c(u) = 21*u**2 + 5*u - 6. Let z be c(1). What is the highest common divisor of z and 10?
10
Let v(k) = 72*k - 342. Let m be v(8). Calculate the greatest common divisor of 72 and m.
18
Suppose -7*c - 787 = -878. Let m(g) = -7*g + 4. Let o be m(-5). What is the greatest common factor of c and o?
13
Let d(b) = b**2 - 19*b + 23. Let m be d(18). Suppose -5*h - m*h + 150 = 0. What is the highest common divisor of 75 and h?
15
Let d be (-9)/(9/2) + -44. Let a = 113 + -47. Let z = a + d. What is the greatest common factor of 50 and z?
10
Let y(m) = m + 29. Let w be y(6). What is the highest common factor of w and 420?
35
Let f be (30/(-4))/(6/(-12)). Suppose -4*t = -3*u - 9*t + 535, 4*u - 3*t = 723. Suppose 2*o = -o + u. Calculate the greatest common factor of o and f.
15
Suppose -9*z - 4*m - 14 = -7*z, -m = -4*z + 17. What is the greatest common divisor of 1 and z?
1
Suppose 2*a + 3*b = 46, 54*a + b - 24 = 53*a. Let t(l) = l**3 + 14*l**2 - l + 12. Let w be t(-14). Calculate the greatest common divisor of a and w.
26
Let m be (-105)/(-25) + (-1)/5. Let v be ((-8)/16)/(1/(-6)). Suppose v*u - 112 = -u. Calculate the highest common factor of m and u.
4
Let o(m) = 20*m**3 + 5*m**2 - 18. Let w be o(3). What is the highest common factor of w and 42?
21
Let y = -1734 + 1811. Suppose w = -2*w + 33. Calculate the highest common factor of w and y.
11
Suppose 4*g - 14*g + 1320 = 0. Let j = -29 + 54. Suppose -j = 2*v + 3*v, -2*y - 4*v = -4. Calculate the highest common divisor of y and g.
12
Let b = -132 + 196. Suppose -5*t = -97 + 47. Suppose -5*x - t = 0, -2*u + 3*x = x - 68. What is the greatest common divisor of b and u?
32
Suppose -4*k + 2*v + 520 = 0, -8*v = 3*k - 3*v - 390. Let o be 1/3 + (-145)/(-15). Calculate the highest common divisor of k and o.
10
Suppose h - 6*h + z + 187 = 0, -4*z + 140 = 4*h. Let n = 21 - h. Let a = 37 + n. Calculate the highest common divisor of 14 and a.
7
Let n = -312 + 169. Let p be n/(-3) - 6/(-18). Suppose -4*l - 2*j = -64, -j = 7*l - 10*l + 48. What is the highest common factor of l and p?
16
Let h(m) = -m**2 - 17*m + 23. Let c be h(-18). Suppose -4*u - c*t = -279, -4*t + 12 + 0 = 0. Calculate the highest common factor of u and 6.
6
Let j(w) = 1 - 4*w**2 + 3*w - w**3 + 6*w**2 - 6*w**2. Let v be j(-4). Let d = v - -41. Calculate the highest common factor of d and 5.
5
Let n(w) = 2*w - 3*w**3 + 7*w + 2*w**3 + 6*w**2 - 9. Let m be n(7). Suppose 15 = 34*o - 33*o. What is the highest common divisor of m and o?
5
Let r = -548 - -550. Calculate the highest common factor of 146 and r.
2
Suppose -k + 187 = 10*c - 11*c, 5*k - 20 = 0. Suppose -579 - 736 = -5*q. Let l = c + q. Calculate the highest common divisor of 8 and l.
8
Suppose -90*u + 84*u = -2070. What is the greatest common divisor of 138 and u?
69
Let x be -99*((-108)/(-45))/(18/(-40)). Suppose -8*s + 464 + x = 0. What is the highest common factor of s and 186?
62
Let b(n) = -4*n + 4. Let o be b(-9). Suppose 46*g - 81*g = -175. Calculate the greatest common factor of g and o.
5
Suppose 10 = -2*l + 22. Let x be 3/(11 + (-964)/88). Calculate the highest common divisor of l and x.
6
Let u(n) = -45*n. Let l be u(-5). Calculate the highest common divisor of 75 and l.
75
Let o = 6 - 6. Suppose 4*g - 117 - 111 = o. Suppose 8*z - g = 391. Calculate the highest common divisor of 8 and z.
8
Let r = 367 + 260. Calculate the highest common factor of r and 132.
33
Let v = 3256 + -1898. Calculate the highest common divisor of v and 14.
14
Let g be ((-8)/2)/(4/(-96)). Suppose 119 = 4*m - 21 - 148. What is the greatest common divisor of g and m?
24
Suppose 3*l + 7 = 1. Let a be (-2 - l) + -2 - -5. Let m(n) = -n + 23. Let p be m(20). What is the greatest common factor of a and p?
3
Let s be (1 - -24)*((-2)/(-2))/1. Suppose -4*t - t + s = 0, -158 = -3*h - t. What is the greatest common divisor of 17 and h?
17
Let p be ((-91)/14)/13*530. Let y = 279 + p. Let g be -1 + -1 + 157 + -1. Calculate the greatest common divisor of g and y.
14
Suppose -2*w = -34 + 16. Suppose -c - 5*c = 0. Suppose -z + 36 = -c*z. Calculate the highest common factor of z and w.
9
Suppose -12*k = -59 - 1. Let p = k + 70. What is the greatest common divisor of p and 25?
25
Let n(w) = -2*w**3 - 16*w**2 - 9*w + 12. Let f be n(-8). What is the highest common divisor of f and 12?
12
Let g = 10 - -26. Let p = g + -32. Let c = -1 - -3. Calculate the greatest common factor of c and p.
2
Let w be ((-16)/(-4))/4*(13 - -13). Let a(k) = -21*k - 7. Let x be a(-9). What is the highest common divisor of w and x?
26
Suppose 2*h + 4 = -4*z - 78, 0 = z - 5*h - 7. Let n = 32 + z. Suppose 105 = 3*d - 5*o, -3*o + 155 = 5*d + n. What is the highest common factor of d and 12?
6
Suppose 14 + 36 = v. Let p(y) = y + 6. Let w be p(-5). Suppose -4*o - 4 = -x, 0 = 2*o - 9 + w. Calculate the highest common factor of v and x.
10
Suppose 0 = -0*b - 6*b + 12. Suppose j - 48 = 5*y, 48 + 44 = 3*j - b*y. Calculate the greatest common divisor of j and 14.
14
Let q(v) = -v**3 + 3*v**2 + v - 2. Let k be q(3). Let d be 2/(-2) - (-17)/k. Suppose -119 - 89 = -13*b. What is the greatest common divisor of d and b?
16
Let n = 173 + -117. Calculate the greatest common factor of n and 196.
28
Let d = 1 + 1. Let t(p) = -p**2 + 10*p - 16. Suppose -2*k = -12 - 2. Let i be t(k). What is the highest common factor of i and d?
1
Let r(m) = m**2 - 6*m + 5. Let p be r(9). Let s be (450/8)/(-6 + 200/p). What is the greatest common divisor of 90 and s?
45
